What are the prime factors of k?
43
Suppose 4*p + 90 = 15*z - 13*z, 4*z = 3*p + 205. Let c = 578 - z. List the prime factors of c.
523
Let c(g) be the second derivative of g**6/40 + g**5/24 + 5*g**4/8 - 5*g**3 + 12*g. Let n(u) be the second derivative of c(u). List the prime factors of n(-5).
5, 43
Suppose 5*r + 18*r + 14881 = 0. List the prime factors of (-23)/(-69) + (-7)/3*r.
2, 5, 151
Let i be ((-1575)/(-6))/((-74)/80 + 1). What are the prime factors of 8/12 - i/(-15)?
2, 3, 13
Suppose -86*g + 156933 + 29257 = 0. What are the prime factors of g?
5, 433
Suppose 0 = -c - 3*r + 10857, 0 = -585*r + 590*r + 10. List the prime factors of c.
3, 17, 71
Let m(n) = 232*n**2 - 215*n + 25. What are the prime factors of m(-6)?
7, 1381
List the prime factors of ((-5)/(-4) - 1) + 685875/100.
19
Let p(h) = 96*h + 27. Let m(d) = 95*d + 28. Let o(x) = -5*m(x) + 4*p(x). List the prime factors of o(-4).
2, 83
Let d(c) = 2728*c + 36. Let i be d(-3). List the prime factors of i/(-112)*(-16)/(-3).
2, 97
Suppose -3*o + 38142 = -5*s, -3*o = 2*o + 2*s - 63539. List the prime factors of o.
71, 179
Let p(u) = u**3 + 5*u**2 + 3*u + 17. Let q be p(-5). What are the prime factors of ((-4)/q)/(2/(-316))?
2, 79
Suppose 11*h = 7*h. Suppose -4*p + p + 222 = h. Suppose 5*x - 4*x = q + 83, -2*q + p = x. List the prime factors of x.
2, 5
Suppose 28*t + 6 = -q + 29*t, -3*t - 14 = 5*q. What are the prime factors of (q - 81/(-18))*886?
443
Let g be -5*6/(-15) + 2. Let s = 350 - -119. Suppose -t = -g*p + t + 942, 2*p = 3*t + s. What are the prime factors of p?
2, 59
Let z(x) = x**3 - 15*x**2 - 3*x - 8. Let f be z(16). Suppose -3*c - 2*c = -f. Suppose c = 2*r + 2*b, -5*r + 3*b + 118 = 2*b. List the prime factors of r.
23
Let l(o) = 3*o - 32. Let c be l(13). Suppose 4*f + 4*h = 52, -4*f + 3*h + 17 = -c. Suppose f*a - 2041 = -4*a. What are the prime factors of a?
157
Let y(w) be the first derivative of 81*w**2 - 97*w - 22. What are the prime factors of y(5)?
23, 31
Let l = -9157 + 11772. What are the prime factors of l?
5, 523
Suppose 87186 + 283979 + 55259 = 151*k. What are the prime factors of k?
2, 353
Let y be (31/(-3))/((65/90)/13). Let w = 64 - y. List the prime factors of w.
2, 5
Suppose -27*r + 106831 = 103642 - 361203. What are the prime factors of r?
2, 7, 241
Suppose 0 = 7*q - 14*q - 28. What are the prime factors of 7/q + 15389/44?
2, 3, 29
Let p = 63 + -78. Let m be 29/(-3)*(p - 0). Suppose 31 = 16*b - m. List the prime factors of b.
11
Suppose 9*a - 55897 = 5483. What are the prime factors of a?
2, 5, 11, 31
Let r = -662 + 245. Suppose 34*n - 53*n - 5339 = 0. Let j = n - r. What are the prime factors of j?
2, 17
Suppose -6*g = 5*v - 5*g - 36166, -3*v - 5*g = -21704. What are the prime factors of v?
3, 2411
List the prime factors of (1/(3/(9/(-4))))/(11/(-465300)).
3, 5, 47
Let k be (-5 - -4) + (-3)/(3/(-2620)). What are the prime factors of 11/(99/k)*2/3?
2, 97
What are the prime factors of (2 - 3 - (-16493 - -15)) + -9 + 1?
43, 383
What are the prime factors of ((-159398)/(-6))/((-89)/(-267))?
79699
Let u(b) = -44*b**2 - 8*b + 33. Let j be u(-6). Let y = -596 - j. What are the prime factors of y?
907
Let s(i) = -1352*i + 80. List the prime factors of s(-1).
2, 179
Suppose 2*s - 24866 = 4*n, -2*s + 16413 = 2*n - 8417. List the prime factors of s.
12421
Let h be 1*8972/22 - 10/(-55). Suppose 3*y = 3*g - 609, 2*g + 5*y + 9 - h = 0. Suppose -2*m = 2*t - 262, 2*m - g - 66 = -4*t. What are the prime factors of m?
2
Suppose -2*b - 4*y = -44, 3*b + 0*y - 66 = -y. Let r be b/143 + (-1296)/(-26). Suppose 0*g - r = -g. List the prime factors of g.
2, 5
Suppose -196 = -25*b - 24*b. Suppose 0*w + 2*w + 542 = a, -b*a = 2*w - 2118. List the prime factors of a.
2, 7, 19
Let r(p) = p**2 - 31*p + 48. Let l be r(29). Let f(y) = 11*y + 131. What are the prime factors of f(l)?
3, 7
List the prime factors of (9027/(-15) - -1)/(40/(-300)).
2, 3, 751
Let n be 28 + -11 + (0 + 1)/1. Let r = 103 + -72. Let w = r + n. List the prime factors of w.
7
Let m = 98 + -96. Suppose 5*u - 3*t - 244 = -m*t, 16 = -4*t. Suppose -81*p + 85*p = u. List the prime factors of p.
2, 3
Let g(i) = 29*i**2 + 147*i - 3. What are the prime factors of g(6)?
3, 641
Suppose 0 = -164*x - 186*x + 21245700. What are the prime factors of x?
2, 3, 67, 151
Let y(u) = -104*u - 23. Let t be -4 - (-15)/20 - 3/4. List the prime factors of y(t).
3, 131
Let a(f) = 33*f + 8. Let q = -220 + 221. List the prime factors of a(q).
41
Suppose 6*a = 4*a + 2*k + 2, 5*a + k = 17. Suppose 2*x = 3*d - 23, -3 = -a*d + 4*x + 28. What are the prime factors of (-16)/6*(-22 - d)?
2, 3
Suppose -34 = -4*k + r + 2568, 2*r = -2*k + 1296. Let q = 1172 - k. List the prime factors of q.
2, 3, 29
Let d(r) = -3*r**2 - 15*r + 48. Let y(b) = -2*b**2 + 2*b + 1. Let h(q) = -d(q) + y(q). What are the prime factors of h(-30)?
7
Let c = 129 + -189. What are the prime factors of ((-632)/(-10)*-2)/(24/c)?
2, 79
Suppose 1288670 + 1374293 = 71*z + 600484. What are the prime factors of z?
3, 23, 421
Let u = 49937 - 29355. What are the prime factors of u?
2, 41, 251
Let z = 20653 - -1979. What are the prime factors of z?
2, 3, 23, 41
Let i be (-4617)/54 + -1*(-2)/(-4). Let g = 138 - i. List the prime factors of g.
2, 7
List the prime factors of 21717 + (-6 - (11 + -18)).
2, 10859
Suppose -5*v - 115*j + 101512 = -117*j, -v + 20306 = -4*j. List the prime factors of v.
2, 10151
Suppose 2*c = -3*u + 17, 0 = 3*u + c + 3*c - 19. Suppose 0 = -u*i - 5*i + 1060. List the prime factors of i.
2, 53
Suppose -15*h + 28676 = -12*h - 19975. List the prime factors of h.
16217
Let u(p) = 3*p**2 - 3*p - 14. Let x(g) = -7*g**2 + 8*g + 28. Let a(f) = 5*u(f) + 2*x(f). What are the prime factors of a(-5)?
2, 3
Let x(d) = -7398 - 486*d + 3656 + 3656. List the prime factors of x(-1).
2, 5
Let o(c) = -c**2 - 44*c - 158. Let u be o(-40). Suppose u*s - 10*s + 2640 = 0. List the prime factors of s.
2, 3, 5, 11
Suppose 2*r - 10 = -5*m, 0 = -r + 3*r + 10. Suppose m*i - 4*p - 124 = 0, 5*i - 59 = 3*i + p. Suppose 2*z + i = 90. What are the prime factors of z?
31
Suppose -26*l + 7*l + 23275 = 0. Let f = l - 847. List the prime factors of f.
2, 3, 7
Suppose 0 = m + 13 + 15. Let f = 52 + m. Suppose 2*l = -6, -4*w - l = f - 733. List the prime factors of w.
2, 89
Let m(y) = y**3 - 10*y**2 + 12*y - 2. Let w be m(8). Let a = -29 - w. Suppose -5*l + a = 0, q = -2*q + 2*l + 403. List the prime factors of q.
3, 5
Suppose 0 = -2*v - 3*v - 4*k, -3*v = 3*k. Let j = -4 - -8. Suppose -j*f - f + 190 = v. What are the prime factors of f?
2, 19
Let r = -19 - -29. Let p(z) = -18 + 13*z + z**3 + 24 - 2*z**2 - 18 - 9*z**2. What are the prime factors of p(r)?
2, 3
Suppose 0 = 4*s + 5 - 45. Suppose 5*w - s = -m, -m - 5*w = -w - 9. Suppose m*c = -5*y + 765, -c - 4*y + 296 = c. List the prime factors of c.
2, 79
What are the prime factors of (-259528)/6*282/(-376)?
32441
Suppose -24*u + 139368 = -1032. List the prime factors of u.
2, 3, 5, 13
Let d(l) = 6 + 24*l - l**2 + 13 + 4. Let k be d(18). Suppose -5*m - 4*y + 278 = 0, 0*m - 5*y = -2*m + k. What are the prime factors of m?
2, 29
Suppose 419 - 140 = 9*x. Suppose 78 = -8*p + 14*p. Let f = x - p. What are the prime factors of f?
2, 3
Suppose -3*x + 14 + 1 = 0. Let d be 4 + 4*(-4 + x). Suppose -g = 2*m - 75, d = -0*m - 2*m. What are the prime factors of g?
83
Let c(p) be the second derivative of -37*p**3/6 - 43*p**2/2 - 74*p. What are the prime factors of c(-21)?
2, 367
Let b(y) = 7*y**3 + 5*y**2 + 685. Let t(k) = -4*k**3 - 3*k**2 - 342. Let o(p) = 3*b(p) + 5*t(p). What are the prime factors of o(0)?
3, 5, 23
Let a be ((20/(-3))/5)/((-6)/(-315)). Let u = 68 + a. Let v(b) = -28*b + 2. What are the prime factors of v(u)?
2, 29
Suppose 0 = c - 5*s - 0*s + 135, 2*s = 4*c + 630. List the prime factors of 13/(104/c)*(-261)/6.
2, 3, 5, 29
Let g(b) be the second derivative of b**5/20 - 11*b**4/12 - 4*b**3 - 22*b**2 + 5*b + 18. What are the prime factors of g(18)?
2, 7
Let c = 2350 - -9004. What are the prime factors of c?
2, 7, 811
Let o = -3033 - -7858. Suppose -1210*q - o = -1215*q. List the prime factors of q.
5, 193
Suppose 3*d - r + 15941 = 0, 0 = 12*d - 13*d - r - 5311. What are the prime factors of (-12)/((-11)/(d/(-6)))?
2, 3, 7, 23
Let w = -16517 + 32647. What are the p